 (base 5) to base 9.
-26856
What is 82503 (base 9) in base 3?
2202120010
11011011101001001 (base 2) to base 4
123131021
Convert -1044423300 (base 5) to base 9.
-4360053
12303a (base 11) to base 15
3c8ce
Convert 5441671 (base 8) to base 10.
1459129
What is -241141 (base 8) in base 3?
-11012012122
What is 10000010001101101111011 (base 2) in base 16?
411b7b
What is -371616 (base 8) in base 2?
-11111001110001110
What is 1008c3 (base 14) in base 4?
2003232223
305677 (base 8) to base 5
11220221
6a116 (base 12) to base 8
425042
Convert -212476 (base 8) to base 5.
-4232344
What is -2414231141 (base 5) in base 6?
-320223423
Convert 13773255 (base 8) to base 16.
2ff6ad
Convert -2220141220 (base 5) to base 6.
-251535400
What is -432501 (base 10) in base 11?
-275a43
Convert -2870460 (base 9) to base 15.
-213939
What is 104474 (base 12) in base 16?
3e998
What is 62131552 (base 7) in base 14?
995699
What is 62830 (base 9) in base 2?
1010001000011011
Convert 63036 (base 16) to base 8.
1430066
Convert 154b0 (base 16) to base 14.
23ada
What is 1101323 (base 7) in base 3?
20212010122
20bb1b9 (base 13) to base 15
d25a1c
Convert -25660165 (base 7) to base 8.
-10757123
Convert -1123022131 (base 4) to base 5.
-43422110
What is -2988 (base 11) in base 14?
-158b
Convert -d0448 (base 15) to base 10.
-659093
51677 (base 11) to base 15
174d1
Convert 901bb (base 12) to base 7.
1405634
1a764 (base 15) to base 7
505600
Convert -bc7815 (base 16) to base 5.
-11130222014
What is -551131525 (base 6) in base 2?
-100101100110010111101101
Convert 3a33 (base 13) to base 15.
26ed
52262477 (base 8) to base 10
11101503
What is -200313311 (base 4) in base 16?
-20df5
Convert -541132 (base 9) to base 13.
-b3936
-1006a4 (base 11) to base 9
-266058
Convert 654018 (base 10) to base 2.
10011111101011000010
What is 3203023143 (base 5) in base 7?
110566651
What is -9568553 (base 10) in base 7?
-144221441
Convert -6808 (base 14) to base 2.
-100011001111000
Convert 5893410 (base 11) to base 12.
353a606
What is -45690 (base 12) in base 14?
-25a32
What is -3634006 (base 8) in base 3?
-1212200011002
Convert 5dd279 (base 14) to base 9.
6054408
What is 20e5e (base 16) in base 11?
92270
Convert -5130624 (base 7) to base 6.
-21043543
-109422 (base 11) to base 13
-60cb1
What is 65c739 (base 15) in base 2?
10010100000011100110000
What is -647880 (base 12) in base 7?
-16336320
What is 2856a5a (base 11) in base 15?
670eeb
Convert 1010010222 (base 4) to base 7.
2240622
What is 409305 (base 14) in base 15?
2cedaa
42a657 (base 11) to base 16
a7de0
What is 4140744 (base 9) in base 3?
11011100211111
9383c (base 13) to base 16
40b53
Convert 24254253 (base 7) to base 13.
5aa46a
Convert -79a4aa (base 13) to base 15.
-3bd00b
Convert -10101111100001010101 (base 2) to base 9.
-1315164
Convert 1098579 (base 15) to base 4.
231103002321
-6a477 (base 14) to base 4
-333030021
Convert 21001220000202 (base 3) to base 16.
3954e6
What is cba3e1 (base 15) in base 12?
32bb8b7
-b423b (base 13) to base 4
-1032330103
Convert 20b0598 (base 12) to base 14.
b75b36
1007250 (base 8) to base 10
265896
45a271 (base 12) to base 8
4204765
3024232 (base 5) to base 7
261650
Convert -87411 (base 9) to base 2.
-1110001001000101
What is -109211 (base 10) in base 12?
-5324b
Convert -111000100000010110 (base 2) to base 5.
-24401241
What is -1010120202022 (base 3) in base 12?
-250445
What is 386661 (base 9) in base 16?
39436
Convert -427a3 (base 15) to base 4.
-303200202
3442230 (base 5) to base 15
13660
212123011330 (base 4) to base 12
3458b64
Convert 1c6ae (base 16) to base 8.
343256
Convert -447b8 (base 15) to base 13.
-7815b
-321580 (base 9) to base 13
-691cb
What is 18712 (base 12) in base 11?
24808
Convert -107e7 (base 16) to base 7.
-400652
What is 6e23a (base 16) in base 2?
1101110001000111010
What is 998d (base 14) in base 13?
c140
-1200253 (base 6) to base 16
-f369
Convert -31001132 (base 4) to base 6.
-1050542
-31011121221 (base 4) to base 2
-1101000101011001101001
Convert 174862a (base 12) to base 14.
8d87aa
Convert -41033201 (base 5) to base 3.
-121210021000
-1852848 (base 9) to base 12
-421198
6c88a (base 15) to base 16
54844
-20012001022 (base 3) to base 15
-26138
What is -41141233 (base 5) in base 14?
-899b1
1a1a6 (base 11) to base 15
8543
What is 4030211 (base 5) in base 2?
1111101110101111
Convert -23166352 (base 7) to base 16.
-1f0750
Convert 31031232 (base 5) to base 8.
754243
What is 2597 (base 11) in base 9?
4557
Convert 10212131301 (base 4) to base 13.
332cb2
55122 (base 14) to base 6
4225454
What is 970910 (base 12) in base 6?
123050020
-173407 (base 8) to base 13
-22a27
-101010101000010101000011 (base 2) to base 10
-11175235
-2532132 (base 6) to base 2
-100001010101111000
-50445636 (base 7) to base 14
-7b351d
What is 55794 (base 10) in base 13?
1c51b
Convert 137a594 (base 11) to base 2.
1001000010111010010011
-555c (base 16) to base 11
-15466
Convert -81606 (base 10) to base 13.
-2b1b5
21214511 (base 6) to base 8
2303453
What is -641434 (base 8) in base 9?
-355232
Convert 46936 (base 10) to base 6.
1001144
11111011100110 (base 2) to base 4
3323212
What is 1110001010111101101 (base 2) in base 10?
464365
What is -4055454 (base 10) in base 3?
-21122001001000
What is -24106612 (base 7) in base 4?
-20021230102
What is 10001111111111110011011 (base 2) in base 9?
8781487
-6080a7 (base 11) to base 5
-222231241
What is -269c17 (base 16) in base 12?
-a20387
-ec4 (base 15) to base 6
-23234
-22221022221 (base 3) to base 16
-2af3a
Convert 658447 (base 9) to base 6.
12232454
-20222031211 (base 4) to base 9
-4238831
-1059423 (base 10) to base 11
-663a62
455544 (base 9) to base 13
973c0
What is 3512423 (base 6) in base 5?
21240420
Convert 2dc13 (base 14) to base 2.
11100000010111001
What is -23311313123 (base 4) in base 12?
-105850b
What is 114114133 (base 6) in base 13?
5a6552
-535240 (base 9) to base 11
-1a8552
Convert -1101110101101010111111 (base 2) to base 9.
-6738250
-23006322 (base 9) to base 12
-38a5202
-1110200202 (base 3) to base 13
-1022c
What is -140ac (base 16) in base 4?
-110002230
What is 10122221202202 (base 3) in base 11?
1110394
-a9150 (base 12) to base 14
-5b44c
Convert 250343 (base 8) to base 13.
30341
What is a10287 (base 11) in base 4?
12030312100
What is 243366 (base 8) in base 15?
19c02
Convert 65f7d1 (base 16) to base 2.
11001011111011111010001
Convert 3123201212 (base 4) to base 8.
3334146
Convert 16100 (base 8) to base 16.
1c40
Convert -215898 (base 11) to base 4.
-1110012121
What is 1013311333 (base 4) in base 14?
79355
15873247 (base 9) to base 15
a73baa
What is 5c7d6 (base 15) in base 7?
2340141
-19915 (base 15) to base 9
-135822
What is 21438c6 (base 13) in base 14?
14c1da4
-6054a1 (base 12) to base 6
-52111121
Convert 211302 (base 7) to base 8.
107233
Convert 2332300 (base 5) to base 10.
42825
What is -110313003 (base 4) in base 10?
-85443
23044240 (base 5) to base 3
101110211212
2053510 (base 6) to base 13
36a56
Convert -1385606 (base 11) to base 12.
-968a51
What is -6108654 (base 9) in base 15?
-444277
What is 4a75a1 (base 11) in base 12?
327407
What is 22166540 (base 7) in base 4?
13103300120
Convert -20505055 (base 8) to base 3.
-22012112211020
Convert -320120302 (base 4) to base 14.
-60254
What is 486aa (base 13) in base 12?
64b52
Convert -5dbb7b (base 15) to base 11.
-259aa46
Convert 263 (base 8) to base 14.
cb
1bd4292 (base 14) to base 9
28231646
-12374785 (base 9) to base 15
-7ee3c5
What is -dbd877 (base 14) in base 8?
-34331761
Convert -60412 (base 7) to base 14.
-5479
-1513846 (base 11) to base 13
-6cba94
-171c5 (base 13) to base 8
-126356
What is -34155116 (base 8) in base 5?
-3343132133
Convert 15213452 (base 7) to base 9.
2647662
Convert 1123311 (base 6) to base 4.
32012323
Convert -ed66 (base 15) to base 11.
-34851
What is b6673 (base 14) in base 15?
8a6e7
Convert -460622 (base 13) to base 7.
-20042411
What is -2004233 (base 5) in base 15?
-9663
-44a72 (base 11) to base 8
-177231
Convert -500222442 (base 6) to base 7.
-131353565
Convert -a4702 (base 14) to base 2.
-1100000110011011110
What is -4302310 (base 5) in base 15?
-165da
Convert 1777774 (base 9) to base 8.
3632140
-2320220412 (base 5) to base 8
-23776176
Convert 71555 (base 8) to base 5.
1421144
Convert 4a86ab (base 12) to base 5